{"id":373,"date":"2015-12-07T10:01:55","date_gmt":"2015-12-07T09:01:55","guid":{"rendered":"https:\/\/mamp.parkings-semepa.fr\/?page_id=373"},"modified":"2023-07-24T10:28:00","modified_gmt":"2023-07-24T09:28:00","slug":"reglement-interieur","status":"publish","type":"page","link":"https:\/\/mamp.parkings-semepa.fr\/?page_id=373","title":{"rendered":"R\u00e8glement int\u00e9rieur"},"content":{"rendered":"\n<p><a href=\"https:\/\/mamp.parkings-semepa.fr\/wp-content\/uploads\/2023\/07\/Reglement-interieur-Pk19-2-scaled.jpg\"><img decoding=\"async\" loading=\"lazy\" class=\"alignnone size-full wp-image-2665\" src=\"https:\/\/mamp.parkings-semepa.fr\/wp-content\/uploads\/2023\/07\/Reglement-interieur-Pk19-2-scaled.jpg\" alt=\"\" width=\"2560\" height=\"2254\" srcset=\"https:\/\/mamp.parkings-semepa.fr\/wp-content\/uploads\/2023\/07\/Reglement-interieur-Pk19-2-scaled.jpg 2560w, https:\/\/mamp.parkings-semepa.fr\/wp-content\/uploads\/2023\/07\/Reglement-interieur-Pk19-2-300x264.jpg 300w, https:\/\/mamp.parkings-semepa.fr\/wp-content\/uploads\/2023\/07\/Reglement-interieur-Pk19-2-1024x902.jpg 1024w\" sizes=\"(max-width: 2560px) 100vw, 2560px\" \/><\/a><\/p>\n\n\n\n<p>T\u00e9l\u00e9charger notre <a rel=\"noreferrer noopener\" href=\"https:\/\/mamp.parkings-semepa.fr\/wp-content\/uploads\/2023\/07\/Reglement-interieur-Pk19.pdf\" data-type=\"URL\" data-id=\"https:\/\/mamp.parkings-semepa.fr\/wp-content\/uploads\/2023\/07\/Reglement-interieur-Pk19.pdf\" target=\"_blank\">r<\/a><a href=\"https:\/\/mamp.parkings-semepa.fr\/wp-content\/uploads\/2023\/07\/Reglement-interieur-Pk19.pdf\" data-type=\"URL\" data-id=\"https:\/\/mamp.parkings-semepa.fr\/wp-content\/uploads\/2023\/07\/Reglement-interieur-Pk19.pdf\" target=\"_blank\" rel=\"noreferrer noopener\">\u00e8<\/a><a rel=\"noreferrer noopener\" href=\"https:\/\/mamp.parkings-semepa.fr\/wp-content\/uploads\/2023\/07\/Reglement-interieur-Pk19.pdf\" data-type=\"URL\" data-id=\"https:\/\/mamp.parkings-semepa.fr\/wp-content\/uploads\/2023\/07\/Reglement-interieur-Pk19.pdf\" target=\"_blank\">glement int\u00e9rieur des parcs de stationnement<\/a>.<\/p>\n\n\n","protected":false},"excerpt":{"rendered":"<p>T\u00e9l\u00e9charger notre r\u00e8glement int\u00e9rieur des parcs de stationnement.<\/p>\n","protected":false},"author":1,"featured_media":0,"parent":0,"menu_order":0,"comment_status":"closed","ping_status":"closed","template":"templates\/template-twocolumns-left.php","meta":[],"_links":{"self":[{"href":"https:\/\/mamp.parkings-semepa.fr\/index.php?rest_route=\/wp\/v2\/pages\/373"}],"collection":[{"href":"https:\/\/mamp.parkings-semepa.fr\/index.php?rest_route=\/wp\/v2\/pages"}],"about":[{"href":"https:\/\/mamp.parkings-semepa.fr\/index.php?rest_route=\/wp\/v2\/types\/page"}],"author":[{"embeddable":true,"href":"https:\/\/mamp.parkings-semepa.fr\/index.php?rest_route=\/wp\/v2\/users\/1"}],"replies":[{"embeddable":true,"href":"https:\/\/mamp.parkings-semepa.fr\/index.php?rest_route=%2Fwp%2Fv2%2Fcomments&post=373"}],"version-history":[{"count":5,"href":"https:\/\/mamp.parkings-semepa.fr\/index.php?rest_route=\/wp\/v2\/pages\/373\/revisions"}],"predecessor-version":[{"id":2670,"href":"https:\/\/mamp.parkings-semepa.fr\/index.php?rest_route=\/wp\/v2\/pages\/373\/revisions\/2670"}],"wp:attachment":[{"href":"https:\/\/mamp.parkings-semepa.fr\/index.php?rest_route=%2Fwp%2Fv2%2Fmedia&parent=373"}],"curies":[{"name":"wp","href":"https:\/\/api.w.org\/{rel}","templated":true}]}}